 highest common factor of 595842 and 104.
26
What is the highest common divisor of 216325 and 425?
425
Calculate the highest common divisor of 100 and 94100.
100
What is the highest common divisor of 364 and 20804?
28
Calculate the highest common divisor of 35892 and 432.
36
Calculate the highest common factor of 232 and 5488.
8
What is the highest common divisor of 14476 and 396?
44
Calculate the highest common divisor of 8 and 102056.
8
Calculate the highest common divisor of 87759 and 11907.
441
Calculate the greatest common factor of 50 and 1486900.
50
Calculate the greatest common factor of 23028 and 6384.
228
What is the greatest common divisor of 702 and 922?
2
What is the greatest common divisor of 1469 and 1807?
13
What is the highest common divisor of 3213128 and 38?
38
Calculate the highest common divisor of 58194 and 244.
122
What is the highest common divisor of 807 and 2090937?
807
What is the highest common factor of 5871 and 85284?
309
Calculate the highest common factor of 15 and 185817.
3
What is the greatest common factor of 68384 and 64?
32
Calculate the highest common divisor of 13612 and 2822.
166
What is the highest common factor of 5528 and 163767?
691
Calculate the highest common factor of 76246 and 402.
134
Calculate the greatest common divisor of 3576 and 204279.
447
Calculate the highest common divisor of 916 and 22.
2
What is the greatest common divisor of 324 and 1295460?
108
What is the greatest common factor of 167332 and 44?
44
What is the highest common factor of 143 and 26213?
11
Calculate the highest common factor of 818508 and 12.
12
What is the highest common divisor of 58 and 16414?
58
What is the highest common divisor of 17 and 1373923?
17
What is the highest common divisor of 3427 and 1219?
23
Calculate the highest common factor of 1704 and 80727.
213
What is the highest common divisor of 63830 and 26?
26
Calculate the greatest common divisor of 420 and 11400.
60
Calculate the highest common factor of 82929 and 99.
33
Calculate the highest common divisor of 23456 and 128.
32
What is the greatest common factor of 413 and 402085?
59
Calculate the greatest common factor of 84 and 67648.
28
What is the greatest common divisor of 122737 and 1112?
139
What is the greatest common divisor of 419724 and 72?
36
Calculate the highest common divisor of 11590778 and 58.
58
Calculate the highest common factor of 3567 and 5617.
41
What is the highest common divisor of 3215812 and 2008?
1004
Calculate the highest common factor of 1634 and 86.
86
What is the greatest common divisor of 119271 and 498?
249
What is the highest common divisor of 9 and 12249?
9
What is the greatest common divisor of 189 and 27664?
7
What is the highest common factor of 2489 and 13699?
19
Calculate the greatest common factor of 684361 and 398.
199
Calculate the highest common divisor of 37824 and 20288.
64
What is the greatest common factor of 71310 and 290?
10
What is the greatest common divisor of 1750 and 18494?
14
Calculate the greatest common factor of 198720 and 33534.
1242
What is the greatest common factor of 17 and 1180905?
17
What is the highest common factor of 452 and 7580718?
226
Calculate the greatest common factor of 2472 and 40.
8
Calculate the highest common divisor of 30 and 902505.
15
Calculate the highest common factor of 28 and 63968.
4
Calculate the greatest common factor of 1141 and 231.
7
Calculate the greatest common divisor of 48 and 4060668.
12
Calculate the highest common divisor of 10 and 1421230.
10
What is the highest common divisor of 37 and 22311?
37
What is the greatest common factor of 3465 and 21?
21
What is the highest common divisor of 222571 and 92?
23
Calculate the highest common factor of 34946 and 692.
346
Calculate the greatest common factor of 384 and 8112.
48
Calculate the highest common divisor of 14651 and 208495.
1127
What is the highest common factor of 60 and 1004085?
15
Calculate the highest common factor of 587 and 218951.
587
Calculate the highest common factor of 143745 and 45.
15
Calculate the highest common factor of 2035 and 71965.
185
What is the greatest common factor of 612 and 62152?
68
Calculate the greatest common divisor of 289128 and 168.
168
Calculate the highest common factor of 354154 and 46.
46
What is the greatest common divisor of 3142 and 24?
2
What is the greatest common factor of 93728 and 25056?
928
What is the greatest common divisor of 1538830 and 1850?
370
What is the greatest common divisor of 152 and 15713?
19
Calculate the greatest common divisor of 256 and 324.
4
Calculate the highest common factor of 734 and 259469.
367
What is the highest common factor of 156 and 14079?
39
What is the greatest common divisor of 8920 and 3460?
20
What is the greatest common factor of 3 and 531?
3
Calculate the greatest common factor of 31819 and 2031.
677
What is the greatest common factor of 58504 and 781?
71
What is the greatest common factor of 29952 and 49248?
288
What is the highest common factor of 4851 and 792?
99
What is the highest common divisor of 3104 and 2632?
8
What is the highest common factor of 6859860 and 420?
420
What is the greatest common divisor of 12416 and 52?
4
Calculate the highest common divisor of 42 and 2786.
14
What is the greatest common divisor of 118479 and 292?
73
What is the greatest common divisor of 3657 and 95772?
69
What is the highest common factor of 655 and 2544675?
655
What is the greatest common divisor of 703122 and 658?
14
What is the highest common divisor of 120 and 1068?
12
Calculate the greatest common divisor of 2 and 2104436.
2
Calculate the greatest common divisor of 100390 and 280.
10
Calculate the highest common divisor of 24 and 41817.
3
What is the greatest common factor of 168 and 393477?
21
What is the greatest common divisor of 14406 and 714?
42
Calculate the greatest common divisor of 4961 and 69003.
451
Calculate the greatest common factor of 16 and 820376.
8
Calculate the greatest common factor of 15984 and 2736.
144
What is the greatest common divisor of 95 and 3005?
5
What is the greatest common factor of 567 and 396333?
567
Calculate the highest common factor of 133 and 5605.
19
Calculate the greatest common divisor of 1760376 and 24.
24
Calculate the highest common divisor of 133983 and 153.
9
What is the greatest common factor of 55292 and 368?
92
Calculate the greatest common factor of 255 and 195279.
51
Calculate the greatest common factor of 31 and 134602.
31
What is the greatest common divisor of 4455 and 12540?
165
Calculate the highest common divisor of 1541 and 65325.
67
What is the highest common factor of 26 and 1781?
13
What is the highest common divisor of 345 and 336605?
115
Calculate the greatest common factor of 10206 and 972.
486
What is the greatest common divisor of 142170 and 112?
14
What is the greatest common factor of 1281 and 12873?
21
Calculate the greatest common factor of 14847 and 6174.
147
Calculate the greatest common divisor of 212649 and 876.
219
What is the highest common divisor of 43 and 13063099?
43
What is the highest common divisor of 340 and 21743?
17
Calculate the highest common divisor of 2004 and 1752.
12
What is the highest common divisor of 26784 and 336960?
864
Calculate the greatest common divisor of 88790 and 8606.
26
Calculate the highest common factor of 83826 and 36.
18
What is the greatest common factor of 12961 and 52?
13
What is the highest common divisor of 2386 and 58?
2
What is the greatest common factor of 20196 and 19924?
68
Calculate the greatest common divisor of 3901 and 1079.
83
Calculate the greatest common factor of 128277 and 108.
27
Calculate the highest common divisor of 537 and 334193.
179
What is the greatest common divisor of 3710 and 9805?
265
Calculate the highest common factor of 360 and 15480.
360
What is the highest common factor of 2059 and 783?
29
What is the highest common factor of 309842 and 442?
442
Calculate the greatest common divisor of 13 and 1436149.
13
Calculate the highest common divisor of 2079512 and 152.
152
What is the greatest common factor of 32466 and 91?
7
What is the highest common divisor of 1190268 and 721?
103
What is the highest common divisor of 4383 and 1908?
9
Calculate the highest common factor of 2253 a